What is the tens digit of z?
3
Suppose -b + a = -58 + 14, -2*a - 166 = -4*b. Suppose -5*k - 5*z = -8*z - 57, -3*k - 3*z = -b. What is the tens digit of k?
1
Suppose 6*u - 4 = 26. Suppose -3*p = -u*p + 132. What is the tens digit of p?
6
Let p = 3 + 2. Let s = -17 + 22. Suppose -5*i = s*w - 15, -p*w = i + 3*i - 12. What is the units digit of i?
3
What is the tens digit of (3/15 + -1)/((-3)/285)?
7
Let l = -983 - -1644. What is the hundreds digit of l?
6
Suppose 5*m + 296 - 1 = 0. Let s = m + 131. What is the tens digit of s?
7
Suppose 0 = 14*k - 11*k - 201. Suppose -21 = -4*x + k. What is the tens digit of x?
2
Let v = -46 - -76. Let w(t) = -3*t + 13. Let y be w(-6). Let p = y - v. What is the units digit of p?
1
Let a = 29 - 23. Let h = 3 + a. Let r(t) = -t**3 + 11*t**2 - 12*t + 6. What is the tens digit of r(h)?
6
Suppose 7*w = 8*w + 5*u - 508, -4*u = -3*w + 1505. What is the tens digit of w?
0
What is the hundreds digit of 349/(-7 + ((-300)/8)/(-5))?
6
Let b(k) = 6*k + 11*k**3 - 7*k - 4*k**3. Let p be b(1). What is the units digit of (-3)/p + 763/14?
4
Let t(m) = m + 10. Let j be t(-6). Let s be (2/(-5))/(j/(-40)). Suppose s*i = i + 177. What is the tens digit of i?
5
Let h(w) = -8*w**3 + 3*w**2 + 5*w - 340. Let q(s) = -3*s**3 + s**2 + 2*s - 113. Let p(l) = -4*h(l) + 11*q(l). What is the tens digit of p(0)?
1
What is the units digit of (166/4)/(1/10)?
5
Let p(x) = 2*x - 2. Let t be p(10). Let k be 2/3 + 312/t. Let i = k - 10. What is the units digit of i?
8
Suppose -9 = -2*z - 23. Let n = z - -8. Suppose n = -2*i + 7, 5*i = -4*u + 171. What is the tens digit of u?
3
Let h(u) = -5 - 2*u - 2*u**2 + u + 4*u**2. Let k(c) = -c**2 + 13*c - 25. Let z be k(10). What is the tens digit of h(z)?
4
Suppose -12*o + 7*o = 0. What is the tens digit of 2 + 68 + (1 - o)?
7
Let y(h) = h**2 - h + 2. Let i be y(3). Suppose 0*l - l + i = 0. What is the units digit of (l/10)/((-3)/(-60))?
6
What is the tens digit of ((-6)/(-9))/(1/(-1 + 712))?
7
Let m(u) = u**3 - 22*u**2 + 10*u - 9. What is the units digit of m(23)?
0
Let f be 2 + -4 + (-87)/(-1). Let u(y) = 8*y + 69. Let i be u(-5). Suppose 3*z = f + i. What is the tens digit of z?
3
Let x = 294 - 259. Suppose 0 = -2*k - 0*k + w + 9, -4*k - 4*w + 24 = 0. Suppose 3*d - 3*h - 216 = 0, -4*d + k*h + 255 = -x. What is the tens digit of d?
7
Let z(n) = 15*n**2 + 7*n - 8. Let w be 1 + (-28)/20 - (-12)/5. What is the tens digit of z(w)?
6
Suppose i = -4*i, 2*j = -3*i. Suppose -7*c + 6*c = j. Suppose -5*l = -q + 72 - 2, c = -l - 3. What is the units digit of q?
5
Let d be 39276/90 + (-4)/10. What is the tens digit of -2 + (-21)/(-9) - d/(-6)?
7
Let p(j) = -j**2 + j. Let h(l) = -5*l**2 - 6. Let i(c) = h(c) - 6*p(c). Let r be i(7). Let z(v) = 10*v**3 + v**2 + v - 1. What is the units digit of z(r)?
1
Suppose 13*i = 3*i + 25400. What is the units digit of i?
0
What is the thousands digit of (-1014440)/(-490) + ((-9)/7 - -1)?
2
Let m = 1790 - 347. What is the units digit of m?
3
Let p = 1467 - 855. What is the hundreds digit of p?
6
Let a = -186 - -2631. What is the units digit of a?
5
Suppose 2 = -4*b + 10. Let n(a) = 2*a + 0*a**2 + 3*a**2 - a**3 + b*a**2 + 6. What is the tens digit of n(5)?
1
Suppose -2 = 3*d + 1, 0 = -m - d + 73. Let v = -13 + m. What is the tens digit of v?
6
What is the hundreds digit of 646 + -1 - 0/(-1 - 2)?
6
Suppose -532 - 5178 = -5*q. What is the hundreds digit of q?
1
Let k = 57 + -2. What is the tens digit of k?
5
Suppose 0 = -2*y - 6 - 2, 3*i = 2*y - 7. Let h be (-7 - i)*(2 + -5). Suppose -3*c + h + 21 = 0. What is the units digit of c?
9
Suppose 0 = -4*l - 4, 3*l = 2*n + 5*l + 148. Let f = n - -258. What is the units digit of f?
5
Let h(f) = 3*f**2 - 17*f + 37. Let o be 8 + 2/(-2) + 4. What is the tens digit of h(o)?
1
Suppose 101*u - 4104 = 98*u. What is the thousands digit of u?
1
Suppose -5 + 17 = 2*l + 3*z, 0 = -5*l - z + 17. Let s(p) = -61*p - 744. Let b be s(-13). Suppose -l*k + b = -62. What is the units digit of k?
7
Let z(f) = -f**3 - 21*f**2 - 5*f - 37. Let q be 267/(-12) - 10/(-8). What is the units digit of z(q)?
8
Let h(b) be the third derivative of 25*b**4/24 - b**3/3 - 2*b**2 + 37. Let r = -4 + 6. What is the tens digit of h(r)?
4
Let k = -612 - -1011. What is the hundreds digit of k?
3
Suppose -4*v + 3 = -p + 10, 3*v + 3 = 0. Suppose p*r + 530 = 8*r. What is the tens digit of r?
0
Suppose -3 = -g + 1. Suppose g*f - 128 = -0. What is the units digit of f?
2
Let t = 168 + -133. What is the units digit of t?
5
Suppose m - 2*k = -12 + 4, 0 = 2*m + k - 9. Suppose 6*z = m*z. Suppose t + 4 - 58 = z. What is the units digit of t?
4
Suppose 0 = -2*y - 4 + 86. Let h(g) = 9*g + 21. Let d be h(-5). Let w = y + d. What is the tens digit of w?
1
Let t be 10/(-14) - 6/21. Let r = t - -4. Suppose 0*g + 57 = r*g. What is the tens digit of g?
1
Suppose 2*g - 160 = -0*g. Let j(m) = -2*m**2 - 6*m + 13. Let a be j(4). Let z = a + g. What is the units digit of z?
7
Let b = -30 - -1. Let p = 36 + b. What is the units digit of p?
7
Let g(i) = -112*i**3 - i**2 + 4*i + 11. What is the tens digit of g(-2)?
9
Let g = -14 + 6. Let u = 1285 + -1360. Let p = g - u. What is the units digit of p?
7
Let j(a) = -5*a**3 - 20*a**2 - 11*a - 8. What is the hundreds digit of j(-7)?
8
Suppose 2*t = 4*t. Suppose l + 19 = w + 5*l, t = 3*w + 4*l - 25. What is the units digit of w?
3
Let x(o) = -o**3 + 20*o**2 - 10*o - 43. What is the hundreds digit of x(17)?
6
Let q = 96 + -50. Let g = 48 + -48. Suppose 5*n - 334 - q = g. What is the tens digit of n?
7
Suppose -350 = -x - 6*x. Let i = -27 + x. What is the tens digit of i?
2
What is the units digit of 370/(-37)*((-258)/5 + 3)?
6
Suppose -2*r = -0*r - 28. Let f = r - 10. Suppose f*t = 81 + 51. What is the units digit of t?
3
Suppose -18*q + 16*q - 3*u = -189, q - 95 = -2*u. What is the tens digit of q?
9
Let x(h) = 15*h**3 + h**2 - 2*h + 1. Let d = -16 - -17. Let m be x(d). Suppose m - 3 = 2*a - 2*z, -3*a - z = -30. What is the units digit of a?
9
What is the hundreds digit of (-12 - -909) + 2*(-9)/(-6)?
9
Suppose 3*q = 3*a + 9, 3*q - 2 = 2*a + 8. Suppose 0 = -2*l - 4*n + 32, -l + q*l - 27 = n. Suppose -l = 5*k - 150. What is the units digit of k?
8
Let f be 4/(-1)*(-9 + 8). Let v(t) = -2*t + 4*t - 8 + 10*t**2 - 9*t**2. What is the tens digit of v(f)?
1
Let v be (-2)/(-9) - (-1064)/72. Let o = -10 + v. Let w = o - -5. What is the tens digit of w?
1
What is the units digit of (-1 - 8/(-24)) + 6862/6?
3
Suppose 0 = -2*r - 2*f - 3*f + 3, f + 1 = 0. Suppose 0 = g - 4*v - 49, -2*g = -r*g - 2*v + 68. What is the tens digit of g?
3
Suppose -5*s + 4465 = -5*r, r - 6*r = 3*s - 2719. What is the hundreds digit of ((-2)/3)/(s/(-894) - -1)?
1
Let p(r) be the third derivative of -r**5/120 + 19*r**4/24 + 2*r**3/3 + 5*r**2. Let k(c) be the first derivative of p(c). What is the tens digit of k(0)?
1
What is the thousands digit of (14/(-35))/((16/(-92540))/2)?
4
Suppose -19*i + 14962 = -11581. What is the hundreds digit of i?
3
Let r be ((-24)/20)/((-4)/(-40)). Let z = 15 + r. Suppose 5*v = -z*w + 41, 3*w = 2*w + 5*v + 7. What is the units digit of w?
2
Let c(j) = -j**2 - 10*j - 11. Let o be c(-8). Suppose 0 = o*u - 5, b = -0*b - 3*u + 36. What is the units digit of b?
3
Suppose 2*i - 4*l - 4404 = -3*l, -5*i + 4*l + 11016 = 0. What is the tens digit of i?
0
Let t(k) = k - 38. Let f(l) = 14 + 21 - 16. Let m(b) = 13*f(b) + 6*t(b). What is the units digit of m(6)?
5
Let u(n) = 2*n**3 + 2*n**2 + 3*n + 3. Let j be u(-2). Let x = 17 + j. What is the tens digit of ((-4)/x)/2*-42?
1
Suppose -17 + 0 = w - 4*k, 4*w - 2*k - 2 = 0. Suppose 2*y - 5*z + 100 = -w*y, 0 = -2*y + 5*z - 55. What is the units digit of (-4)/30 + (-287)/y?
9
Let g = -1725 - -2994. What is the tens digit of g?
6
Let d = 580 + -411. Let x = -57 + d. What is the tens digit of x?
1
Suppose -5*t + 7 = 12, -4*b - 2*t = -5202. What is the hundreds digit of b?
3
Suppose -r - 45 = 2*t, 5*t - 5*r + 67 = -83. Suppose 2*d - 3*b + 21 + 82 = 0, -3*d - 2*b = 135. Let j = t - d. What is the units digit of j?
2
Suppose -32*m - 187188 = -89*m. What is the thousands digit of m?
3
Let f(s) = s**3 + 6*s**2 - 3*s. Let v = -13 - -7. Let r be f(v). Suppose -r = -4*d + d. What is the units digit of d?
6
Let f = -740 + 1468. What is the hundreds dig